culate x(-10).
21
Let j(g) = g**3 - 3*g**2 - 27*g - 4. Calculate j(-5).
-69
Let d(l) = l**2 - 14*l + 56. Give d(6).
8
Let f(d) = 2*d**3 + 3*d**2 + 2*d + 2. What is f(-3)?
-31
Let v(a) = -8*a - 163. Give v(-20).
-3
Let p(t) = -10*t + 4. What is p(3)?
-26
Let p(q) = -q + 4. What is p(2)?
2
Let i(j) = 4*j + 35. Give i(12).
83
Let t(y) = -2*y**2 - 9*y - 9. What is t(-6)?
-27
Let p(u) = -3*u**3 + 13*u**2 + 9*u - 13. Give p(4).
39
Let f(g) = -45*g + 1. What is f(-1)?
46
Let g(k) = -k**2 - k + 10. Calculate g(0).
10
Let s(a) = a**3 - 3*a**2 - 2*a - 4. Give s(3).
-10
Let x(r) = -r**2 + 7*r - 11. What is x(5)?
-1
Let q(d) = 4*d**3 - 21*d**2 + 7*d - 10. Determine q(5).
0
Let i(g) = -g**2 + 63*g - 64. Calculate i(62).
-2
Let v(l) = l + 6. Give v(-2).
4
Let h(t) = t - 12. Give h(19).
7
Let o(v) = 2*v**2 + 13*v - 11. What is o(-7)?
-4
Let g(q) = 3*q**2 + 19*q + 9. Give g(-10).
119
Let c(n) = n**2 - 13*n - 18. Give c(13).
-18
Let q(g) = 5*g**3 + g**2 + 2*g + 1. Determine q(-1).
-5
Let o(j) = -j**2 - 13*j - 7. What is o(-12)?
5
Let u(r) = -r**2 - 19*r - 51. What is u(-6)?
27
Let b(u) = 7*u + 9. Determine b(-6).
-33
Let b(n) = -2*n**2 - 18*n - 1. Give b(-10).
-21
Let f(g) = -g**3 - 5*g**2 - 3*g + 7. Give f(-6).
61
Let s(f) = -f**3 + 9*f**2 - 18*f - 12. Calculate s(6).
-12
Let b(z) = 4*z**2 - 25*z + 29. What is b(7)?
50
Let c(n) = n**3 - 3*n**2 - 8*n - 13. Give c(5).
-3
Let c(h) = 5*h**2 + 5*h - 4. Determine c(2).
26
Let s(p) = -p**2 + 13*p - 38. What is s(10)?
-8
Let a(n) = 3*n - 8. Calculate a(6).
10
Let d(q) = -q**3 - 9*q**2 - 2*q - 2. Determine d(-9).
16
Let v(s) = s**3 - 7*s**2 - 7*s + 3. Determine v(8).
11
Let k(w) = -2*w**3 - 4*w**2 - 1. What is k(0)?
-1
Let l(z) = 3*z + 34. Calculate l(-9).
7
Let b(t) = -2*t**2 - 22*t - 62. Calculate b(-3).
-14
Let h(s) = -5*s**2 + 3*s - 1. Give h(2).
-15
Let h(p) = p**3 - 14*p**2 - 17*p + 9. What is h(15)?
-21
Let b(q) = 2*q + 29. Calculate b(-7).
15
Let h(d) = -54*d**2 + d - 1. Calculate h(1).
-54
Let h(y) = -y**3 - 17*y**2 - 15*y + 22. Give h(-16).
6
Let b(c) = -c**3 + 5*c**2 - 3. Determine b(5).
-3
Let a(j) = -j - 30. Determine a(-13).
-17
Let g(b) = -b**3 - 7*b**2 - 6*b. Determine g(-6).
0
Let l(y) = y**3 + 2*y**2 - 11*y + 1. Determine l(-5).
-19
Let g(o) = -o**2 + 29. Determine g(-5).
4
Let s(x) = x**3 - 8*x**2 + 14*x - 13. Give s(6).
-1
Let n(f) = -f + 28. Calculate n(0).
28
Let l(b) = b**3 + 4*b**2 + 7*b + 38. Determine l(-6).
-76
Let m(p) = -p**3 - 21*p**2 - 37*p + 15. Calculate m(-19).
-4
Let r(q) = -q**3 - 26*q**2 - 32*q - 177. What is r(-25)?
-2
Let k(n) = n**3 - 13*n**2 + 20*n - 1. Give k(11).
-23
Let k(v) = v**2 + 24*v + 92. Calculate k(-19).
-3
Let i(g) = -g**2 + 7*g + 6. Give i(8).
-2
Let l(n) = n + 15. Calculate l(8).
23
Let v(t) = -8*t + 195. Give v(25).
-5
Let t(j) = j**2 - j - 3. Give t(2).
-1
Let r(d) = -d**3 - 2*d**2 - 5*d + 2. Determine r(3).
-58
Let j(v) = 2*v - 44. What is j(18)?
-8
Let z(y) = y - 3. Calculate z(0).
-3
Let z(l) = -10*l + 169. Calculate z(19).
-21
Let g(i) = i**3 + 14*i**2 + i + 24. Give g(-14).
10
Let o(a) = -2*a**2 - 22*a + 13. Determine o(-11).
13
Let t(a) = a**2 - 2*a - 10. Determine t(7).
25
Let k(s) = 14*s**2 + 3*s + 3. What is k(-2)?
53
Let w(b) = 3*b**2 - 4*b. Determine w(-4).
64
Let d(y) = -y**2 - 4*y. What is d(-6)?
-12
Let l(p) = -4*p - 9. Calculate l(-7).
19
Let b(r) = r**2 - 24*r - 72. What is b(-3)?
9
Let a(z) = -6*z**2 - 39*z - 1. Determine a(-7).
-22
Let a(o) = 2*o**2 - 4*o + 34. What is a(5)?
64
Let d(q) = -45*q + 21. Calculate d(-1).
66
Let q(a) = -a**3 - 6*a**2 + 15*a - 16. Determine q(-8).
-8
Let q(l) = l**2 - 80*l + 415. Give q(6).
-29
Let k(d) = 9*d + 10. What is k(-3)?
-17
Let s(b) = 5*b - 11. Determine s(-5).
-36
Let n(q) = -q - 2. Calculate n(4).
-6
Let t(x) = -x**3 + 4*x**2 - 14*x + 145. Give t(6).
-11
Let n(p) = -p**3 + 16*p**2 + 40*p - 57. Determine n(18).
15
Let x(f) = f**3 - 3*f**2 - f - 15. What is x(5)?
30
Let m(b) = -b**3 + 10*b**2 - 6*b. Give m(10).
-60
Let n(p) = -3*p - 16. Determine n(-4).
-4
Let x(t) = 41*t**3 + t**2 - 2*t + 1. What is x(1)?
41
Let r(d) = d**2 - 2*d + 1. What is r(-5)?
36
Let a(o) = -o**3 - 5*o**2 + 2*o + 1. Determine a(-4).
-23
Let l(o) = -5*o + 3. What is l(-3)?
18
Let x(m) = m**2 + 4*m - 1. Give x(-5).
4
Let w(b) = -b**3 - 73*b**2 + 74*b - 7. Calculate w(-74).
-7
Let p(r) = -2*r**2 - 26*r - 2. Calculate p(-13).
-2
Let f(b) = 2*b**2 - 11*b - 11. Calculate f(6).
-5
Let w(l) = l**2 + 4*l - 7. Give w(-3).
-10
Let v(o) = -33*o**2 - 3*o - 1. Calculate v(-1).
-31
Let f(x) = -9*x**3 - 2*x**2 + 1. Determine f(-1).
8
Let r(c) = c**2 - c - 79. What is r(-6)?
-37
Let v(s) = s**3 - 6*s**2 - 2*s + 6. Give v(5).
-29
Let o(j) = j**2 - 21*j - 43. Calculate o(22).
-21
Let v(y) = -10*y. Calculate v(1).
-10
Let s(v) = 19*v - 9. What is s(-5)?
-104
Let b(y) = -4*y**3 + 3*y**2 - 2*y + 1. What is b(2)?
-23
Let b(n) = -2*n - 4. Give b(-6).
8
Let w(r) = 11*r**2 - 3*r + 3. Calculate w(2).
41
Let x(o) = -2*o**3 + 3*o**2 + 3*o + 4. Give x(3).
-14
Let r(h) = h - 2. Determine r(13).
11
Let d(i) = -3*i - 8. Give d(-5).
7
Let u(v) = v**2 + 2*v - 4. Give u(-4).
4
Let v(x) = -10*x - 6. Determine v(0).
-6
Let r(t) = -7*t + 11. Give r(2).
-3
Let g(r) = -r**3 - 3*r**2 - 1. Give g(-3).
-1
Let r(j) = 2*j**3 + 5*j**2 - 29*j - 13. What is r(-5)?
7
Let j(a) = 2*a**2 + 14*a + 45. Give j(-7).
45
Let v(o) = -11*o**2 - 5*o - 13. Determine v(-4).
-169
Let b(w) = -w**2 - w + 6. Determine b(-3).
0
Let g(v) = -v**3 + 12*v**2 - 13*v - 16. What is g(11)?
-38
Let b(w) = w**2 + w - 3. Determine b(2).
3
Let p(b) = -b**3 + b**2 + 2*b + 114. Give p(0).
114
Let y(f) = -f + 32. What is y(10)?
22
Let n(a) = 13*a**2 + a. Determine n(1).
14
Let x(z) = -12*z + 83. What is x(11)?
-49
Let o(y) = -14*y - 694. What is o(-49)?
-8
Let n(b) = 4*b**2 - 17*b - 2. Determine n(4).
-6
Let b(d) = -d**3 - 19*d**2 + 22*d + 31. Determine b(-20).
-9
Let r(x) = -x**3 - 2*x**2 - 2*x - 3. Give r(-2).
1
Let t(j) = -28*j + 3. Determine t(2).
-53
Let k(m) = -4*m**2. Give k(1).
-4
Let b(g) = -13*g - 2. Calculate b(1).
-15
Let z(j) = j**2 + j + 3. Give z(6).
45
Let z(s) = 26*s - 3. Give z(-1).
-29
Let k(t) = t**3 - 14*t**2 - 31*t - 18. Give k(16).
-2
Let v(s) = s**2 + 23*s - 1. Give v(-22).
-23
Let o(f) = 3*f**3 + 5*f**2 + 3*f - 4. Calculate o(-3).
-49
Let j(i) = i**3 + 7*i**2 - 9*i + 3. Give j(-8).
11
Let q(c) = c**3 - 13*c**2 + 15*c - 24. What is q(12)?
12
Let r(o) = o**3 + 7*o**2 + 4*o + 7. What is r(-6)?
19
Let u(d) = -9*d + 48. Determine u(5).
3
Let g(n) = -5*n - 7. Calculate g(3).
-22
Let j(m) = -m**3 + 6*m**2 - 7*m. Calculate j(5).
-10
Let s(c) = -c**3 + 11*c**2 + 10*c + 5. Give s(12).
-19
Let h(a) = 2*a**2 - 7*a + 10. Give h(1).
5
Let d(t) = t**2 + 4. What is d(-4)?
20
Let i(u) = -u**2 + 19*u - 22. What is i(19)?
-22
Let y(r) = r**3 + 16*r**2 + 10*r - 33. Calculate y(-15).
42
Let b(d) = 26*d - 12. Determine b(6).
144
Let x(w) = 10*w + 4. Give x(-1).
-6
Let h(w) = -w**3 + 17*w**2 + 271*w - 29. Give h(27).
-2
Let f(m) = 16*m + 92. Calculate f(-6).
-4
Let n(w) = w**3 + 8*w**2 + 7*w + 4. Calculate n(-7).
4
Let d(f) = f**2 - 9*f + 2. Calculate d(4).
-18
Let c(n) = -n. Calculate c(5).
-5
Let b(t) = 2*t**2 - 12*t + 12. Give b(8).
44
Let d(a) = a**2 + 17*a. Give d(-12).
-60
Let x(n) = n**3 - 6*n**2 - 8*n + 2. Calculate x(7).
-5
Let j(w) = w**2 - 25*w + 105. Determine j(7).
-21
Let d(u) = -u**3 + 22*u**2 - 42*u + 45. Calculate d(20).
5
Let j(u) = 3*u**2 - 4*u. Give j(6).
84
Let w(p) = 3*p**2 - 3*p - 10. Determine w(-5).
80
Let f(t) = -t**3 - 4*t**2 + 13*t + 2. Give f(-6).
-4
Let f(k) = k**3 + 5*k**2 + 5*k + 2. Determine f(-3).
5
Let w(l) = -2*l**2 - 3*l - 8. Calculate w(-3).
-17
Let d(r) = -r**2 + 6*r - 20. What is d(9)?
-47
Let p(g) = -3*g - 27. Calculate p(-11).
6
Let q(l) = -l**3 - 21*l**2 - 21*l - 21. What is q(-20)?
-1
Let s(k) = -k - 2. Determine s(-6).
4
Let v(o) = -o**3 + 5*o**2 + 8*o + 17. What is v(-4)?
129
Let a(x) = 5*x + 37. Calculate a(-8).
-3
Let h(z) = z**3 + 12*z**2 + 7*z - 102. Determine h(-10).
28
Let s(u) = 10*u - 40. Give s(-10).
-140
Let u(a) = -a**2 - 13*a - 20. What is u(-14)?
-34
Let h(c) = -c**3 - 4*c**2 + 5*c + 2. Give h(-5).
2
Let f(r) = -r**3 - 13*r**2 - 11*r - 132. What is f(-13)?
11
Let n(d) = -8*d - 11. Calculate n(-3).
13
Let y(h) = -h**3 - 7*h**2 - 3*h + 4. Determine y(-4